 when 115374227 is divided by 12?
11
Calculate the remainder when 394 is divided by 129.
7
What is the remainder when 776342 is divided by 32?
22
What is the remainder when 13389745 is divided by 6694868?
9
Calculate the remainder when 14018015 is divided by 2249.
2247
Calculate the remainder when 3979747 is divided by 120598.
13
Calculate the remainder when 205502 is divided by 22753.
725
Calculate the remainder when 127106753 is divided by 2037.
2027
What is the remainder when 161355 is divided by 1640?
635
Calculate the remainder when 208808 is divided by 240.
8
Calculate the remainder when 24447059 is divided by 33.
32
What is the remainder when 86047 is divided by 12183?
766
Calculate the remainder when 4908659 is divided by 2454317.
25
What is the remainder when 13525638 is divided by 1829?
183
What is the remainder when 125234 is divided by 20101?
4628
What is the remainder when 2192296 is divided by 49?
36
What is the remainder when 47060883 is divided by 19?
11
Calculate the remainder when 47400891 is divided by 44.
43
Calculate the remainder when 37534 is divided by 9361.
90
Calculate the remainder when 47478 is divided by 15458.
1104
Calculate the remainder when 158627130 is divided by 263.
258
Calculate the remainder when 436388 is divided by 45.
23
Calculate the remainder when 176364103 is divided by 926.
921
Calculate the remainder when 517762 is divided by 12089.
10024
What is the remainder when 74669 is divided by 4970?
119
What is the remainder when 27552498 is divided by 15?
3
What is the remainder when 1836548 is divided by 106?
98
What is the remainder when 12807910 is divided by 37?
27
Calculate the remainder when 918707 is divided by 150.
107
What is the remainder when 13450525 is divided by 403?
400
Calculate the remainder when 81433036 is divided by 4393.
4388
What is the remainder when 111712 is divided by 5872?
144
Calculate the remainder when 4311069 is divided by 308.
301
Calculate the remainder when 7254744 is divided by 19.
12
What is the remainder when 10660391 is divided by 197411?
197
Calculate the remainder when 40062 is divided by 39207.
855
What is the remainder when 75786 is divided by 72417?
3369
What is the remainder when 6359696 is divided by 244?
80
Calculate the remainder when 333310 is divided by 723.
7
Calculate the remainder when 374130 is divided by 4111.
29
Calculate the remainder when 477215 is divided by 12894.
137
Calculate the remainder when 250162 is divided by 5559.
7
What is the remainder when 4710742 is divided by 65?
62
Calculate the remainder when 1607197 is divided by 121.
75
Calculate the remainder when 111810109 is divided by 147.
145
Calculate the remainder when 3855057 is divided by 2711.
15
What is the remainder when 8527614 is divided by 30?
24
Calculate the remainder when 2448889 is divided by 1758.
1753
Calculate the remainder when 5064921 is divided by 23.
22
Calculate the remainder when 78457 is divided by 793.
743
Calculate the remainder when 2573581 is divided by 5464.
37
Calculate the remainder when 492885 is divided by 3.
0
What is the remainder when 109668 is divided by 22?
20
What is the remainder when 1271130 is divided by 10963?
10385
What is the remainder when 758815 is divided by 252897?
124
Calculate the remainder when 82678 is divided by 2948.
134
What is the remainder when 21423863 is divided by 33?
32
What is the remainder when 21376081 is divided by 215920?
1
Calculate the remainder when 5398029 is divided by 26.
13
Calculate the remainder when 723742 is divided by 10692.
7378
Calculate the remainder when 2110364 is divided by 1055173.
18
What is the remainder when 1805272 is divided by 31?
18
Calculate the remainder when 1018249 is divided by 1720.
9
Calculate the remainder when 118054 is divided by 58993.
68
What is the remainder when 580165 is divided by 48?
37
Calculate the remainder when 2765486 is divided by 395056.
94
What is the remainder when 3272044 is divided by 1076?
1004
What is the remainder when 311039 is divided by 6169?
2589
What is the remainder when 486109625 is divided by 292?
289
What is the remainder when 22154888 is divided by 2152?
48
Calculate the remainder when 646967 is divided by 129379.
72
What is the remainder when 501299 is divided by 2179?
129
What is the remainder when 6191406 is divided by 3095561?
284
Calculate the remainder when 1737921 is divided by 434480.
1
What is the remainder when 7278615 is divided by 1455?
705
What is the remainder when 543054 is divided by 10640?
414
Calculate the remainder when 9696404 is divided by 693.
641
Calculate the remainder when 60912119 is divided by 15.
14
Calculate the remainder when 21239253 is divided by 204.
201
Calculate the remainder when 7069756 is divided by 295.
81
Calculate the remainder when 36001 is divided by 8861.
557
Calculate the remainder when 81937 is divided by 724.
125
Calculate the remainder when 553775 is divided by 146.
143
Calculate the remainder when 433244 is divided by 29.
13
What is the remainder when 11158019 is divided by 5578351?
1317
What is the remainder when 485699 is divided by 17986?
77
Calculate the remainder when 3372304 is divided by 513.
355
What is the remainder when 7735180 is divided by 43?
39
What is the remainder when 6961937 is divided by 6961937?
0
What is the remainder when 12658102 is divided by 31?
27
What is the remainder when 371878 is divided by 7587?
115
Calculate the remainder when 12119511 is divided by 2423900.
11
Calculate the remainder when 2455407 is divided by 7.
3
What is the remainder when 317311 is divided by 158645?
21
Calculate the remainder when 169955 is divided by 944.
35
What is the remainder when 292865 is divided by 561?
23
What is the remainder when 1406600 is divided by 934?
930
Calculate the remainder when 976275 is divided by 1604.
1043
Calculate the remainder when 613361 is divided by 266.
231
What is the remainder when 1094135 is divided by 54705?
35
Calculate the remainder when 13871164 is divided by 3056.
3036
What is the remainder when 27121357 is divided by 28914?
25
What is the remainder when 789892 is divided by 769?
129
What is the remainder when 38166 is divided by 1382?
852
What is the remainder when 12094498 is divided by 134?
60
Calculate the remainder when 607456 is divided by 103.
65
Calculate the remainder when 1590910 is divided by 1777.
495
Calculate the remainder when 4976358 is divided by 1661.
2
Calculate the remainder when 511962 is divided by 4.
2
What is the remainder when 2751640 is divided by 550225?
515
What is the remainder when 2196762 is divided by 581?
1
Calculate the remainder when 2476383 is divided by 619093.
11
What is the remainder when 68307902 is divided by 112?
110
What is the remainder when 3237891 is divided by 2485?
2421
Calculate the remainder when 159678 is divided by 381.
39
What is the remainder when 1817863 is divided by 470?
373
Calculate the remainder when 15419761 is divided by 57969.
7
Calculate the remainder when 174730 is divided by 14384.
2122
What is the remainder when 184775 is divided by 770?
745
What is the remainder when 22609 is divided by 3955?
2834
Calculate the remainder when 28322 is divided by 707.
42
Calculate the remainder when 13661162 is divided by 88.
42
What is the remainder when 11329828 is divided by 58?
50
What is the remainder when 1087337 is divided by 49424?
9
Calculate the remainder when 24478848 is divided by 2443.
2431
What is the remainder when 863909 is divided by 431734?
441
What is the remainder when 336280 is divided by 112063?
91
What is the remainder when 535960 is divided by 29771?
82
What is the remainder when 961739119 is divided by 2096?
2095
Calculate the remainder when 798635 is divided by 23.
6
Calculate the remainder when 160144 is divided by 80040.
64
Calculate the remainder when 1911365 is divided by 637103.
56
Calculate the remainder when 325911 is divided by 325840.
71
Calculate the remainder when 11990498 is divided by 22.
14
Calculate the remainder when 14335409 is divided by 21.
11
Calculate the remainder when 15396 is divided by 3529.
1280
Calculate the remainder when 204406866 is divided by 2510.
2506
Calculate the remainder when 35695481 is divided by 442.
3
What is the remainder when 49916007 is divided by 